. Determine a(f).
-2
Let p(u) be the second derivative of -7/2*u**2 - 1/6*u**3 - 1/20*u**5 + 0*u**4 + 0 - 2*u. Let i = 0 + 0. What is p(i)?
-7
Let l(n) = -n + 6. Let o = -4 - -10. Suppose -a + o = -1. Let i be l(a). Let c(q) = 5*q. Give c(i).
-5
Suppose 5*j + 0 = 10. Suppose -j*r = -0*r + 3*a + 1, -3*r = -a + 18. Let u(m) = m**2 + 6*m + 2. Give u(r).
-3
Let y be (0 + 2)/(-6)*-3. Suppose 0 = -3*b + 2*t + 3, 5*b + 0*t = t - 2. Let n be b/y - (-1)/1. Let h(k) = k + 2. Determine h(n).
2
Let l(x) be the third derivative of x**5/60 + x**4/12 + x**3/6 + 28*x**2. Determine l(-4).
9
Suppose 0 + 2 = 2*f + 2*z, -f + z = -11. Let q(p) = p**2 - 8*p + 6. Determine q(f).
-6
Let m(v) be the first derivative of 11*v**3/3 + v**2 + v - 2. Give m(-1).
10
Let x(u) = -2*u**3 + 11*u**2 - 4*u - 2. Let l(v) = v**3 - 6*v**2 + 2*v + 1. Suppose o - 15 = 6*o. Let t(g) = o*x(g) - 5*l(g). Calculate t(2).
1
Suppose -3*a - 9 = -6*a + 3*r, -3*a + 5*r = -7. Let i(t) = t**3 - 5*t**2 + 4*t. What is i(a)?
0
Suppose -2*r + 14 = 2*c, 0 = -c + 2*r - 6*r + 19. Suppose 0 = -z - c*l + 7, -4*z + 4 - 3 = 3*l. Let s(h) = -3*h - 2. What is s(z)?
4
Let j(m) be the first derivative of m**4/4 + 5*m**3/3 + m**2 + 4*m - 2. Let n be (-2)/6 - (-39)/9. Suppose -3*v - 27 = 5*q - n*v, -10 = -5*v. What is j(q)?
-6
Let a(o) = 3*o + 7. Let n be ((-12)/12)/((-1)/7). Suppose -8 - 2 = -5*q. Let r = q - n. What is a(r)?
-8
Let z(b) = b - 2. Let k be z(8). Let d(n) = -8*n + 0 + 0 + k*n + 2. Suppose 5*r + 17 = -3, 5*f - 5*r - 10 = 0. What is d(f)?
6
Let x = 3 - 3. Suppose 0*g - 4*g + 2*h + 14 = x, -20 = -g - 5*h. Suppose -17 = -5*b + g*f + 23, 0 = -5*b - 3*f. Let a(k) = -k + 3. Calculate a(b).
0
Let v(o) = -2*o - 7. Let l be v(-5). Let a(z) = -z**2 - 3*z**3 + 0*z**3 - 4*z**l + 0*z**2. Suppose -2*s = -2*m + s + 4, -2*m - s = 4. Calculate a(m).
6
Let r(o) = o**3 - 3*o + 2. Suppose 5*p = -2*x - 2, -4*p + 3*x = -0*p + 20. Let f be (-12)/(-8)*p - -5. What is r(f)?
4
Let x(i) = -i**3 - 6*i**2 - 6*i. Let j be (4 + -1)/((-78)/104) - 0. What is x(j)?
-8
Let a be (-26)/(-13) - (0 + 2). Suppose 0 = -0*f - 5*f + 20. Let b(p) = 6 - 2*p + a + 0 + f*p**2 - p**3. Calculate b(4).
-2
Let d(i) be the first derivative of i**4/12 + 5*i**2 + 2*i - 2. Let n(q) be the first derivative of d(q). Let v be 4 + (3 + -6 - 1). Calculate n(v).
10
Let m(l) be the first derivative of l**6/360 - l**5/20 + l**4/4 + 4*l**3/3 + 2. Let g(x) be the third derivative of m(x). Determine g(4).
-2
Let r(y) = y**3 + 6*y**2 - 8*y - 4. Let d be 30/(-4) + 2/4. Let w be r(d). Let c(u) = 2*u**2 - 4*u. Calculate c(w).
6
Let w(v) be the third derivative of v**4/12 + 2*v**3/3 - 25*v**2. Calculate w(-3).
-2
Let g(i) = -5*i + 12. Let j(l) = 1. Let o(z) = -g(z) + j(z). Let y = -3 - -8. Let v(d) = 4*d - 10. Let p(w) = y*o(w) - 6*v(w). Give p(-4).
1
Let h(k) = k**3 - k**2 + k + 1. Let n(m) = -5*m**3 + 2*m**2 - 7*m - 8. Let z(s) = -6*h(s) - n(s). Give z(4).
6
Let r(a) = 3*a**3 + a**2. Let b(m) = 3*m - 3. Let t be b(2). Let i(k) = -5*k + 4. Let y(u) = -4*u + 3. Let q(v) = 5*i(v) - 6*y(v). Let c be q(t). Give r(c).
-2
Let k(b) = 4*b**3 + 5*b**2. Let v(z) = -4*z**3 - 6*z**2. Let i(d) = -7*k(d) - 6*v(d). Let m be ((-6)/(-6))/(2/(-1) + 1). Calculate i(m).
5
Let t(m) = 4 + 1 + m - 2 + 3. Calculate t(-4).
2
Let f = -10 - -19. Let q(v) = -f*v - 3 + 6*v + 0. What is q(-5)?
12
Let j(k) = -k**3 - 4*k**2 + 3*k - 5. Let c be j(-5). Suppose -4*o + x + 14 = 0, 4 + 6 = -c*x. Let s(z) = 3*z**o + 5 - z**3 + 4*z**2 - z**3. Give s(-4).
5
Let c(l) be the third derivative of -l**5/60 - l**4/4 - 2*l**2. Let z be 4/16*4 + 0. Let f be 10*3/(-6)*z. What is c(f)?
5
Let q = 7 + -8. Let x(p) = -p**2 + 1. Let b(j) = -j**3 - 5*j**2 + 2*j + 2. Let r(f) = q*b(f) + 4*x(f). Give r(2).
10
Let y(m) be the second derivative of m**3/6 - m**2/2 - 17*m. Give y(-3).
-4
Let p(z) = 1. Let r(x) = 2*x - 8. Let m(v) = 12*p(v) + r(v). Determine m(-4).
-4
Let l = -5 - -4. Let x(n) = n**2 - n. Determine x(l).
2
Suppose 2*a = -3*h + 3*a + 9, 5*a = -3*h + 9. Let k(i) = i**h + 3 - i**2 - 4*i + 3*i**2 + 2*i. Suppose w + 3*j = -9, w - 3*j = j + 5. Determine k(w).
0
Let s = -6 + 10. Let a = s - 6. Let x(p) = -p**3 - 3*p**2 - 2*p - 2. Give x(a).
-2
Let s(m) be the first derivative of -6 + 2*m - 3/2*m**2. Determine s(3).
-7
Suppose 3*p = -2*k - 7, -k + 4*p = 10 - 1. Let o(a) be the third derivative of 7/24*a**4 + 0*a + 0 - 3*a**2 + 1/60*a**5 + a**3. Calculate o(k).
-4
Let h(p) = -7 - p**2 - 7*p + 0 + 2. Suppose -27 = -5*l - 2. Let k be -3 + ((-9)/(-3) - l). What is h(k)?
5
Let r(w) = -w - 10. Let t be r(-9). Let s = t - -3. Let p(o) be the third derivative of -o**4/8 + o**3/3 - 2*o**2. Give p(s).
-4
Suppose -2*s + 3*w + 1 = 7, 2*w = 0. Let n(m) = m**2 + 2*m - 1. Let q be n(-3). Let v(g) = 4*g - 5*g + 3 + g**2 + q*g. What is v(s)?
9
Let o(y) = -y**3 + 6*y**2 + 3*y - 3. Let q(b) = -b. Let d(f) = o(f) + 2*q(f). What is d(6)?
3
Let l(w) = -w**2 + 6*w. Let x be l(6). Let z(k) = k + 1. Let p(a) = -17 - 4*a - a**2 - 2*a + 8. Let d(h) = -p(h) - 5*z(h). Calculate d(x).
4
Let r(h) = -h**2 - 5*h + 7. Suppose -12*b - 30 = -6*b. Determine r(b).
7
Let l(c) = 9*c**2 + 2*c - 1. Let p(r) = -r**3 - 4*r**2 + r + 5. Let v be (8/(-10))/(4/20). Let j be p(v). What is l(j)?
10
Let y(p) = 6 + 2 + 3*p - 7 + 0*p**2 - p**2. Suppose -b = -4*n - 0*n, -2*n = b - 6. Let j be 4/n + (1 - 0). Calculate y(j).
-9
Let t(x) be the second derivative of x**5/20 + x**4/4 - 5*x**3/6 + x**2 + 9*x. Give t(-4).
6
Let s(b) = 4*b**2 - b + 1. Let w(d) = d**3 + 5*d**2 - 6*d + 1. Let c be w(-6). Calculate s(c).
4
Let i(p) = p**3 + 5*p**2 + 0*p**3 - p**2. Suppose -3*d - 9 = -0. Give i(d).
9
Let s(d) be the second derivative of -d**4/12 + d**3/6 + d**2/2 - 6*d. Determine s(1).
1
Let t(q) be the second derivative of q**3/6 - 3*q**2/2 - q. Let x(u) = -u**3 + u**2 - u + 12. Let y be x(0). Let b be (0*(-3)/y)/2. Calculate t(b).
-3
Let l(z) = 2*z**2 + z + 4. Suppose -3*r = -9, 0 = s - 4*r + 7 + 2. Determine l(s).
25
Let g be (-3)/(-3*(-2)/(-4)). Let x(o) be the second derivative of -o**5/20 + o**4/6 - 2*o**3/3 + 3*o**2/2 + o. Calculate x(g).
-5
Suppose 0 = 3*h + 5*w - 5, 3*h + 5 = -0*h + 5*w. Let i(k) = h - k + 0. Suppose 0 = -6*g + 2*g - 2*d, 4*g - d + 6 = 0. Calculate i(g).
1
Let y(o) be the second derivative of o**7/2520 + 7*o**5/120 - o**4/2 + 2*o. Let r(u) be the third derivative of y(u). Calculate r(0).
7
Let g be -3 - -3 - -1*1. Let f(t) be the second derivative of -4*t**3/3 + t**2/2 + 45*t. Determine f(g).
-7
Let g be (-4)/8 - (-7)/(-2). Let o(b) = 2*b + 1. Determine o(g).
-7
Suppose 24 = 4*v + f, v + f - 5 + 2 = 0. Let h(r) = -r**3 + 6*r**2 + 7*r - 6. Calculate h(v).
-6
Suppose -2*q - 6 = -4*c, q + 0*q - c = -3. Let r = q - -5. Let d = 2 - r. Let s(w) = w**2 + w - 6. What is s(d)?
-6
Let y(n) = 2*n**2 + 7*n + 2. Suppose 0 = -4*v - 0 - 20. Give y(v).
17
Suppose 0*c + 28 = c. Suppose h - c = -2*h + 4*r, -r = -h + 8. Let q(z) = z + 3. Determine q(h).
7
Let a(l) = l**2. Let w(z) = -4*z**2 + 6*z - 3. Let v(b) = -5*a(b) - w(b). Give v(-6).
3
Let q(z) = -z**3 - 4*z**2 - z - 3. Let o be q(-4). Let v(g) be the third derivative of 2*g**5/15 + g**4/24 - g**3/6 - g**2. Give v(o).
8
Let p = 386 - 383. Let c(i) = -5*i**2 + 2*i + 2. Let a(w) = -w**2. Let y(n) = 4*a(n) - c(n). Calculate y(p).
1
Suppose -4*r + 2*a + 18 = 0, -r + 2*a = r - 14. Let g(z) = 7*z - r + 18 - 3 - z. Let u(c) = 3*c + 6. Let m(q) = 6*g(q) - 13*u(q). What is m(-1)?
3
Let f(w) = 2*w. Let i(j) = 4*j**2 - 31*j + 16. Let o be i(7). Determine f(o).
-10
Suppose -n + 2 = -4*f + 9, -n - 8 = -5*f. Let g(z) = -z**2 - 2. Determine g(n).
-11
Let k(f) be the second derivative of f**7/840 + f**6/60 + 7*f**5/120 + 5*f**4/24 - f**3/2 - 4*f. Let t(r) be the second derivative of k(r). Calculate t(-5).
-5
Let g be ((-7)/(-3))/(2/6). Let u(o) = o**2 - o**2 + g*o - 6*o**2 + 2*o**3 - 6 - o**3. What is u(5)?
4
Let a(b) = b**2 - 4*b + 2. Let v = -1 - -5. What is a(v)?
2
Let r(z) = z**2 - 5*z + 4*z - 4*z + 4*z. Give r(0).
0
Let b = -20 - -23. Let f(p) = 1 - 7 - 5*p**2 + 4*p**3 + 4 - b*p**3. Determine f(5).
-2
Let h(r) = -r**2 + r + 4. Suppose -5*a - 2*n - 11 + 30 = 0, -5*a + 17 = n. Determine h(a).
-2
Let a(y) = 3*y**2 + 8*y + 4. Let k(z) = -16*z**2 - 41*z - 20. Let w(s) = -11*a(s) - 2*k(s). Suppose -2*r = 4*d + 20, 11*d = 13*d + 3*r +